igit of o?
2
Let f = -650 + 664. What is the units digit of (28/f)/(1/147)?
4
Suppose 1197*j = 1199*j - f - 17077, 0 = 4*j + 5*f - 34161. What is the thousands digit of j?
8
Let m(q) = 192*q**2 + 394*q + 3148. What is the thousands digit of m(-8)?
2
Let n(q) = 239*q**3 + 5*q - 5. Let u be n(1). Suppose 2*h = 365 + u. What is the tens digit of h?
0
Let n(a) = 5*a**3 + 7*a**2 + 7*a. Let l be -6*12/(-8) - 16/4. What is the tens digit of n(l)?
3
Suppose 2*b - 4 = 6*m - m, 5*b - 10 = 0. Suppose -8*c + 27 + 13 = m. What is the units digit of (-2)/c + 1099/35?
1
Let l(h) = -159*h + 2166. What is the units digit of l(-50)?
6
Suppose 3 = 2*z - 7. Suppose 0 = 2*a - 4*t - 136, 0 = a - z*t - 22 - 52. Suppose a = 3*o - o. What is the units digit of o?
2
Suppose 0 = 38*g + 2156 - 6754. Suppose w + 361 = 3*j, -j - 2*w + 3*w = -g. What is the hundreds digit of j?
1
Let m = -22 - -26. What is the tens digit of ((-58)/m)/(70/(-7420))?
3
What is the hundreds digit of 571/571 + 63170/2?
5
Let j(t) be the first derivative of t**2/2 - 14*t + 17. Let x be j(-6). Let p = x - -34. What is the tens digit of p?
1
Let d = 39 + -33. Suppose d*k - 1016 + 92 = 0. What is the hundreds digit of k?
1
Suppose 288*k + 234*k - 137*k - 3197425 = 0. What is the thousands digit of k?
8
Suppose -21831 = -3*r + 18168. What is the tens digit of r?
3
Let x = -11455 - -19291. What is the hundreds digit of x?
8
Let g(k) = -k**2 - 20*k + 10. Suppose 3*y - y + 2*s = 12, -3*y - s + 14 = 0. Suppose 2*l + 4 = l, y*f = 4*l - 44. What is the tens digit of g(f)?
8
Let f(p) = -6*p**2 - 28*p - 76. Let x be f(14). Let y = x + 2820. What is the hundreds digit of y?
1
Let k be (4/10)/((-2)/(-40)). Let q(w) = -w**2 + 18*w - 66. Let r be q(11). Suppose 2*s - 2*m - 248 = 0, -r*m = -5*s - k*m + 630. What is the tens digit of s?
2
Let t(y) = -y**2 - 3*y + 3. Let i be t(-3). Suppose -4*x = -i*x - 345. What is the units digit of x?
5
Let n(s) = 5*s**3 + 7*s**2 - 26*s - 181. What is the units digit of n(18)?
9
Suppose 17*d + 4565 = 28*d. Let a = d + -253. What is the tens digit of a?
6
Let s(w) = 36 + w**2 - w - 46 + 0*w**2. Suppose 4*k + 60 = -5*l, -14 = k - 0*l + l. What is the hundreds digit of s(k)?
1
Suppose 2 = -2*l, -3*p + 35 = -5*l + 3. Suppose 0 = -y + 4*r + p, r - 66 = 5*y - 10*y. Let g = y + 7. What is the units digit of g?
0
Let a(p) = 18*p**2 - 71*p + 517. What is the thousands digit of a(8)?
1
Let h(c) = 5*c + 16. Let r be -20*((-4)/16)/((-1)/4). Let p be ((-125)/r - 4)/(3/8). What is the units digit of h(p)?
6
Suppose -6*r + r + 11 = 3*k, 13 = 5*k + 3*r. Let q(p) = 171*p**2 + 7*p - 6. What is the units digit of q(k)?
2
Let f(m) = 4*m**3 - 4*m**2 + 2*m + 1. Let u be f(3). Let k = u - 76. What is the units digit of 166/18*3*k?
3
Let n(q) be the first derivative of -18*q**2 - 21*q - 744. Let h(j) = -j**2 - 6*j + 5. Let l be h(-7). What is the units digit of n(l)?
1
Let r = 54 + -51. Suppose -r*y = -y - 158. Suppose -5*k + 11 = -y. What is the tens digit of k?
1
Let q(k) = 2*k**3 + k**2 + 4*k - 1. Let s be q(4). Suppose 3252 + 2460 = 68*f. Let j = s - f. What is the units digit of j?
5
Suppose 3*n + s = 7187, -21*n + 7177 = -18*n - 4*s. What is the thousands digit of n?
2
Let s(j) = -2*j**2 - 193*j + 522. What is the units digit of s(-99)?
7
Suppose 3*m = -5*x + 503, 4*x + 4*m - m = 403. What is the hundreds digit of (-48)/(-15)*(x - 0)?
3
Let w(c) = -3*c**3 - 3*c**2 - 2*c + 3. Let g be w(-2). Let p = -14 + g. Suppose 3*f - p*b = 821, f + b = 3*b + 275. What is the tens digit of f?
6
Let r(t) = t**3 + 66*t**2 + 39*t - 200. What is the tens digit of r(-65)?
9
Let r be 21/10 - 3/30. Suppose 3*j - 41 = -r. What is the tens digit of j?
1
Let n be (-30 - 11)*4/(2 + -6). Suppose -2*c - 4*x + 13 = -3, -5*c + 55 = -5*x. Let j = n + c. What is the tens digit of j?
5
What is the ten thousands digit of (-88)/(-33) + (-8)/3 + 3 - -12469?
1
Suppose 5*t - 4547 - 3953 = 0. What is the hundreds digit of t?
7
Let p(r) = -6*r**3 + r**2 - 26*r - 14. What is the hundreds digit of p(-6)?
4
Suppose -3*b - 2*m - 5 = 0, -5*b + 4*m = m + 2. What is the hundreds digit of (10/(80/(-84)))/(b/98)?
0
Suppose 2*i - 32999 = -3*z, -4*i + 19640 - 63652 = -4*z. What is the thousands digit of z?
1
Suppose -102418 = -98*p + 57*p. What is the tens digit of p?
9
Suppose 164*h - 3789162 = 3126226. What is the units digit of h?
7
Let b = -46 - -43. Let v be b - (-3 - 2) - 2. Let n(k) = -k + 85. What is the units digit of n(v)?
5
Let l be (24 - 21) + (978 - 1) + 1. Let i = l - 465. What is the tens digit of i?
1
Suppose 2*d + 5*i - 1 = -0*i, -50 = 5*d - 5*i. What is the hundreds digit of 24/84 - 2959/d?
4
Let r(c) = -4*c**3 - 76*c**2 - 1117*c + 21. What is the tens digit of r(-16)?
2
Let s(b) = 5*b**2 + 2*b + 6. Let i = 65 - 57. Suppose i*z - 10 = 30. What is the units digit of s(z)?
1
Let f = 12357 + -466. What is the thousands digit of f?
1
What is the units digit of ((-414)/117)/(-23) + 33276/26?
0
Let p be 6 + (-1)/(5/20). Let q = -7 - -10. Suppose v - 264 = -q*t - 2*t, p*t - 108 = -v. What is the tens digit of t?
5
Let j(c) = 3*c**2 - 15*c - 887. What is the hundreds digit of j(31)?
5
Let i be (7/(-21))/(2/(-30)). Suppose -i*o - 3*o = -3200. Suppose -492 = -5*l - 3*q - 0*q, -4*q = -4*l + o. What is the tens digit of l?
9
Let c = -112 + 193. Let j = 93 + c. What is the tens digit of j?
7
Suppose 2*c = 9*c - 1897. Let j = -82 + c. Suppose 4*w - j = 219. What is the units digit of w?
2
Suppose -5*l = -2*z - 9, -3*z + 8 = 4*l - 13. Let w = 258 - -7. Suppose 3*x - 5*b = 51 + w, l*x - 314 = 4*b. What is the tens digit of x?
0
Suppose -4 = 4*k + 12. Let b(w) = 17*w - 6. Let h(j) = 35*j - 12. Let q(d) = k*h(d) + 9*b(d). What is the tens digit of q(7)?
8
Let b = 20497 - 13410. What is the thousands digit of b?
7
Suppose 2*s - 21 + 23 = 0, 3*b + 3*s - 23280 = 0. What is the thousands digit of b?
7
Let o(f) = f**2 - 11*f + 20. Let w be o(10). Let b be (-4)/(-8) + (-215)/w. Let s = 145 - b. What is the tens digit of s?
6
Let w(d) = -d**3 - 18*d**2 - 4*d - 26. Let l be w(-18). Let t = 48 - l. Suppose -o = -6*o + t*k + 193, 40 = o + k. What is the units digit of o?
9
Suppose -154*c - 40663 = -3*n - 150*c, 2*n + c = 27116. What is the thousands digit of n?
3
Let h be (130/(-65))/(((-8)/(-746))/2). Let i = h + 1181. What is the tens digit of i?
0
Let a = 4596 - 4470. Let p(x) = x**3 + 4*x**2 - x - 5. Let j be p(-4). What is the tens digit of (2*j)/(a/(-62) + 2)?
6
Let f = -40 + 49. Suppose 7*k - 5 - f = 0. Suppose 3*x = -6*u + 2*u + 46, -4*x = -k*u - 76. What is the units digit of x?
8
Let w be 51/((-9)/(-12)*(-2)/(-5)). Suppose -303 = -x + w. What is the units digit of x?
3
Let y(h) = -3*h**3 + 4*h + 7. Let g be y(-2). Let i(t) = t**3 - 23*t**2 + 14*t - 19. What is the hundreds digit of i(g)?
3
Let d(n) = 5*n**3 - 73*n**2 - 15*n - 93. Let l(a) = -2*a**3 + 36*a**2 + 7*a + 46. Let k(c) = -3*d(c) - 7*l(c). What is the units digit of k(-33)?
9
Let c = 61198 - 22054. What is the tens digit of c?
4
Let h be (86/11 - 3) + 2/11. Suppose -4 = -2*u, 2*x - h*x = -4*u - 4. Suppose 0 = -3*q - 3*w + 75, -4*q - x*w = -7*q + 82. What is the tens digit of q?
2
Let j(i) = -17 + 32*i + 22*i - 9 + 52*i. What is the tens digit of j(9)?
2
Suppose -4*j - x = -18, 5*x = -2*j - 0*x + 18. Suppose 0*t - t = 0, 5*b = j*t - 185. Let w = b - -94. What is the tens digit of w?
5
Suppose r + 4*g = -12, -3*r = 3*g - 5*g - 20. Suppose -r*j + 29*j - 41925 = 0. What is the units digit of j?
7
Let i be ((-72)/(-15))/((-12)/(-40)). Let p be -16 + i - 2*-1. Suppose c + 79 + 78 = p*m, -c - 238 = -3*m. What is the tens digit of m?
8
What is the hundreds digit of 86874/3 + 3/(3/(-12)*-3)?
9
Let h = 537 - -5027. What is the units digit of h?
4
Suppose 39*p - 92408 + 20383 = 34*p. What is the ten thousands digit of p?
1
Let h(c) = -312*c. Let l be h(1). Let z(p) = -187*p**3 - 47*p**2 + 48*p + 1. Let b be z(1). Let r = b - l. What is the tens digit of r?
2
Let f(x) = 11*x**2 - 14*x + 15. Suppose -7*r + 7 = -6*r. What is the tens digit of f(r)?
5
Suppose 0 = -11*n - 2*n - 15*n. Suppose 28*i - 30*i + 518 = n. What is the units digit of i?
9
Let l = -3 + 1016. Let f = -317 + l. What is the units digit of f?
6
Let f(l) be the second derivative of -10*l**3/3 + 5*l**2/2 - 2*l + 3487. Suppose 20 